{"id":186,"date":"2020-04-26T22:27:02","date_gmt":"2020-04-26T22:27:02","guid":{"rendered":"http:\/\/notaria-219.com.mx\/?page_id=186"},"modified":"2024-07-24T17:21:13","modified_gmt":"2024-07-24T17:21:13","slug":"compra-venta","status":"publish","type":"page","link":"http:\/\/notaria-219.com.mx\/?page_id=186","title":{"rendered":"Compra-Venta"},"content":{"rendered":"\t\t<div data-elementor-type=\"wp-page\" data-elementor-id=\"186\" class=\"elementor elementor-186\">\n\t\t\t\t\t\t<div class=\"elementor-inner\">\n\t\t\t\t<div class=\"elementor-section-wrap\">\n\t\t\t\t\t\t\t\t\t<section class=\"elementor-section elementor-top-section elementor-element elementor-element-f46e190 elementor-section-boxed elementor-section-height-default elementor-section-height-default\" data-id=\"f46e190\" data-element_type=\"section\">\n\t\t\t\t\t\t<div class=\"elementor-container elementor-column-gap-default\">\n\t\t\t\t\t\t\t<div class=\"elementor-row\">\n\t\t\t\t\t<div class=\"elementor-column elementor-col-100 elementor-top-column elementor-element elementor-element-6127924\" data-id=\"6127924\" data-element_type=\"column\">\n\t\t\t<div class=\"elementor-column-wrap elementor-element-populated\">\n\t\t\t\t\t\t\t<div class=\"elementor-widget-wrap\">\n\t\t\t\t\t\t<div class=\"elementor-element elementor-element-9153500 elementor-widget elementor-widget-text-editor\" data-id=\"9153500\" data-element_type=\"widget\" data-widget_type=\"text-editor.default\">\n\t\t\t\t<div class=\"elementor-widget-container\">\n\t\t\t\t\t\t\t\t<div class=\"elementor-text-editor elementor-clearfix\">\n\t\t\t\t<p class=\"ydp5ba68936MsoNormal\"><span style=\"color: #333333;\">Es un contrato por el que una persona llamada \u201cvendedor\u201d transmite la propiedad de un bien inmueble a otra persona llamada \u201ccomprador\u201d quien como contraprestaci\u00f3n entrega un precio en dinero.<\/span><\/p>\n<p class=\"ydp5ba68936MsoNormal\"><span style=\"color: #333333;\">Las operaciones de compra venta sobre bienes inmuebles, en t\u00e9rminos del C\u00f3digo Civil, para que surtan sus efectos ante terceros, deben otorgarse ante Notario e Inscribirse en el Registro P\u00fablico de la Propiedad.<\/span><\/p>\n<p class=\"ydp5ba68936MsoNormal\"><span style=\"color: #333333;\">Los requisitos son los siguientes:<\/span><\/p>\n<ul type=\"disc\">\n<li class=\"ydp5ba68936MsoNormal\"><span lang=\"ES-TRAD\" style=\"color: #333333;\">2 Identificaciones oficiales, vigente con fotograf\u00eda y firma<\/span><\/li>\n<li class=\"ydp5ba68936MsoNormal\"><span lang=\"ES-TRAD\" style=\"color: #333333;\">Comprobante de domicilio<\/span><\/li>\n<li class=\"ydp5ba68936MsoNormal\"><span lang=\"ES-TRAD\" style=\"color: #333333;\">Constancia de situaci\u00f3n fiscal. <\/span><\/li>\n<li class=\"ydp5ba68936MsoNormal\"><span lang=\"ES-TRAD\" style=\"color: #333333;\">C.U.R.P.<\/span><\/li>\n<li class=\"ydp5ba68936MsoNormal\"><span lang=\"ES-TRAD\" style=\"color: #333333;\">Acta de nacimiento.<\/span><\/li>\n<li class=\"ydp5ba68936MsoNormal\"><span lang=\"ES-TRAD\" style=\"color: #333333;\">Acta de matrimonio.<\/span><\/li>\n<li class=\"ydp5ba68936MsoNormal\"><span lang=\"ES-TRAD\" style=\"color: #333333;\">Escritura de propiedad inscrita en Registro P\u00fablico.<\/span><\/li>\n<li class=\"ydp5ba68936MsoNormal\"><span lang=\"ES-TRAD\" style=\"color: #333333;\">Boletas de predial y de agua del bimestre corriente.<\/span><\/li>\n<li class=\"ydp5ba68936MsoNormal\"><span lang=\"ES-TRAD\" style=\"color: #333333;\">Croquis de localizaci\u00f3n del inmueble.<\/span><\/li>\n<\/ul>\n<div><span style=\"color: #333333;\">Descargue el siguiente formato, compl\u00e9telo y c\u00e1rguelo en el siguiente formulario.<\/span><\/div>\t\t\t\t\t<\/div>\n\t\t\t\t\t\t<\/div>\n\t\t\t\t<\/div>\n\t\t\t\t\t\t<\/div>\n\t\t\t\t\t<\/div>\n\t\t<\/div>\n\t\t\t\t\t\t\t\t<\/div>\n\t\t\t\t\t<\/div>\n\t\t<\/section>\n\t\t\t\t<section class=\"elementor-section elementor-top-section elementor-element elementor-element-abb535c elementor-section-boxed elementor-section-height-default elementor-section-height-default\" data-id=\"abb535c\" data-element_type=\"section\">\n\t\t\t\t\t\t<div class=\"elementor-container elementor-column-gap-default\">\n\t\t\t\t\t\t\t<div class=\"elementor-row\">\n\t\t\t\t\t<div class=\"elementor-column elementor-col-100 elementor-top-column elementor-element elementor-element-3e69ff1\" data-id=\"3e69ff1\" data-element_type=\"column\">\n\t\t\t<div class=\"elementor-column-wrap elementor-element-populated\">\n\t\t\t\t\t\t\t<div class=\"elementor-widget-wrap\">\n\t\t\t\t\t\t<div class=\"elementor-element elementor-element-b45e364 elementor-button-danger elementor-widget elementor-widget-button\" data-id=\"b45e364\" data-element_type=\"widget\" data-widget_type=\"button.default\">\n\t\t\t\t<div class=\"elementor-widget-container\">\n\t\t\t\t\t<div class=\"elementor-button-wrapper\">\n\t\t\t<a href=\"http:\/\/notaria-219.com.mx\/wp-content\/uploads\/2024\/07\/219-FORMA-ESCRITURACION.pdf\" target=\"_blank\" class=\"elementor-button-link elementor-button elementor-size-sm\" role=\"button\">\n\t\t\t\t\t\t<span class=\"elementor-button-content-wrapper\">\n\t\t\t\t\t\t<span class=\"elementor-button-text\">Descargue el Formato aqu\u00ed <\/span>\n\t\t<\/span>\n\t\t\t\t\t<\/a>\n\t\t<\/div>\n\t\t\t\t<\/div>\n\t\t\t\t<\/div>\n\t\t\t\t\t\t<\/div>\n\t\t\t\t\t<\/div>\n\t\t<\/div>\n\t\t\t\t\t\t\t\t<\/div>\n\t\t\t\t\t<\/div>\n\t\t<\/section>\n\t\t\t\t<section class=\"elementor-section elementor-top-section elementor-element elementor-element-34b732e elementor-section-boxed elementor-section-height-default elementor-section-height-default\" data-id=\"34b732e\" data-element_type=\"section\">\n\t\t\t\t\t\t<div class=\"elementor-container elementor-column-gap-default\">\n\t\t\t\t\t\t\t<div class=\"elementor-row\">\n\t\t\t\t\t<div class=\"elementor-column elementor-col-100 elementor-top-column elementor-element elementor-element-1319bbb\" data-id=\"1319bbb\" data-element_type=\"column\">\n\t\t\t<div class=\"elementor-column-wrap elementor-element-populated\">\n\t\t\t\t\t\t\t<div class=\"elementor-widget-wrap\">\n\t\t\t\t\t\t<div class=\"elementor-element elementor-element-76b4e8a elementor-widget elementor-widget-shortcode\" data-id=\"76b4e8a\" data-element_type=\"widget\" data-widget_type=\"shortcode.default\">\n\t\t\t\t<div class=\"elementor-widget-container\">\n\t\t\t\t\t<div class=\"elementor-shortcode\"><div role=\"form\" class=\"wpcf7\" id=\"wpcf7-f191-o1\" lang=\"es-MX\" dir=\"ltr\">\n<div class=\"screen-reader-response\"><p role=\"status\" aria-live=\"polite\" aria-atomic=\"true\"><\/p> <ul><\/ul><\/div>\n<form action=\"\/index.php?rest_route=%2Fwp%2Fv2%2Fpages%2F186#wpcf7-f191-o1\" method=\"post\" class=\"wpcf7-form init\" enctype=\"multipart\/form-data\" novalidate=\"novalidate\" data-status=\"init\">\n<div style=\"display: none;\">\n<input type=\"hidden\" name=\"_wpcf7\" value=\"191\" \/>\n<input type=\"hidden\" name=\"_wpcf7_version\" value=\"5.5.5\" \/>\n<input type=\"hidden\" name=\"_wpcf7_locale\" value=\"es_MX\" \/>\n<input type=\"hidden\" name=\"_wpcf7_unit_tag\" value=\"wpcf7-f191-o1\" \/>\n<input type=\"hidden\" name=\"_wpcf7_container_post\" value=\"0\" \/>\n<input type=\"hidden\" name=\"_wpcf7_posted_data_hash\" value=\"\" \/>\n<\/div>\n<p><label> Nombre Completo (requerido)<br \/>\n    <span class=\"wpcf7-form-control-wrap your-name\"><input type=\"text\" name=\"your-name\" value=\"\" size=\"40\" class=\"wpcf7-form-control wpcf7-text wpcf7-validates-as-required\" aria-required=\"true\" aria-invalid=\"false\" \/><\/span> <\/label><\/p>\n<p><label> Correo electr\u00f3nico (requerido)<br \/>\n    <span class=\"wpcf7-form-control-wrap your-email\"><input type=\"email\" name=\"your-email\" value=\"\" size=\"40\" class=\"wpcf7-form-control wpcf7-text wpcf7-email wpcf7-validates-as-required wpcf7-validates-as-email\" aria-required=\"true\" aria-invalid=\"false\" \/><\/span> <\/label><\/p>\n<p><label> Tel\u00e9fono (requerido)<br \/>\n    <span class=\"wpcf7-form-control-wrap Telefono\"><input type=\"tel\" name=\"Telefono\" value=\"\" size=\"40\" class=\"wpcf7-form-control wpcf7-text wpcf7-tel wpcf7-validates-as-required wpcf7-validates-as-tel 2\" id=\"1\" aria-required=\"true\" aria-invalid=\"false\" \/><\/span><\/p>\n<p><label> Cargue aqu\u00ed el formato con sus datos (requerido)<br \/>\n    <span class=\"wpcf7-form-control-wrap Formato\"><input type=\"file\" name=\"Formato\" size=\"40\" class=\"wpcf7-form-control wpcf7-file wpcf7-validates-as-required 2\" id=\"1\" accept=\".jpg,.jpeg,.png,.gif,.pdf,.doc,.docx,.ppt,.pptx,.odt,.avi,.ogg,.m4a,.mov,.mp3,.mp4,.mpg,.wav,.wmv\" aria-required=\"true\" aria-invalid=\"false\" \/><\/span><\/p>\n<p><input type=\"submit\" value=\"Enviar\" class=\"wpcf7-form-control has-spinner wpcf7-submit\" \/><\/p>\n<div class=\"wpcf7-response-output\" aria-hidden=\"true\"><\/div><\/form><\/div><\/div>\n\t\t\t\t<\/div>\n\t\t\t\t<\/div>\n\t\t\t\t\t\t<\/div>\n\t\t\t\t\t<\/div>\n\t\t<\/div>\n\t\t\t\t\t\t\t\t<\/div>\n\t\t\t\t\t<\/div>\n\t\t<\/section>\n\t\t\t\t\t\t\t\t\t<\/div>\n\t\t\t<\/div>\n\t\t\t\t\t<\/div>\n\t\t","protected":false},"excerpt":{"rendered":"<p>Es un contrato por el que una persona llamada \u201cvendedor\u201d transmite la propiedad de un bien inmueble a otra persona llamada \u201ccomprador\u201d quien como contraprestaci\u00f3n entrega un precio en dinero. Las operaciones de compra venta sobre bienes inmuebles, en t\u00e9rminos del C\u00f3digo Civil, para que surtan sus efectos ante terceros, deben otorgarse ante Notario e&hellip;<\/p>\n","protected":false},"author":1,"featured_media":0,"parent":0,"menu_order":0,"comment_status":"closed","ping_status":"closed","template":"","meta":[],"_links":{"self":[{"href":"http:\/\/notaria-219.com.mx\/index.php?rest_route=\/wp\/v2\/pages\/186"}],"collection":[{"href":"http:\/\/notaria-219.com.mx\/index.php?rest_route=\/wp\/v2\/pages"}],"about":[{"href":"http:\/\/notaria-219.com.mx\/index.php?rest_route=\/wp\/v2\/types\/page"}],"author":[{"embeddable":true,"href":"http:\/\/notaria-219.com.mx\/index.php?rest_route=\/wp\/v2\/users\/1"}],"replies":[{"embeddable":true,"href":"http:\/\/notaria-219.com.mx\/index.php?rest_route=%2Fwp%2Fv2%2Fcomments&post=186"}],"version-history":[{"count":56,"href":"http:\/\/notaria-219.com.mx\/index.php?rest_route=\/wp\/v2\/pages\/186\/revisions"}],"predecessor-version":[{"id":1766,"href":"http:\/\/notaria-219.com.mx\/index.php?rest_route=\/wp\/v2\/pages\/186\/revisions\/1766"}],"wp:attachment":[{"href":"http:\/\/notaria-219.com.mx\/index.php?rest_route=%2Fwp%2Fv2%2Fmedia&parent=186"}],"curies":[{"name":"wp","href":"https:\/\/api.w.org\/{rel}","templated":true}]}}